{"id":101,"date":"2019-07-29T11:27:45","date_gmt":"2019-07-29T09:27:45","guid":{"rendered":"http:\/\/devel.k-copy.cz\/?page_id=101"},"modified":"2021-05-12T08:24:47","modified_gmt":"2021-05-12T06:24:47","slug":"vazba-dokumentu","status":"publish","type":"page","link":"https:\/\/k-copy.cz\/?page_id=101","title":{"rendered":"VAZBA DOKUMENT\u016e"},"content":{"rendered":"\r\n<p style=\"text-align: justify;\">Vazby dokument\u016f lze zpracovat n\u011bkolika z\u00e1kladn\u00edmi typy vazeb dopln\u011bn\u00fdmi o profesion\u00e1ln\u00ed vazbu V1 (se\u0161ity) b\u011b\u017en\u011b se vyskytuj\u00edc\u00ed sp\u00ed\u0161e v ofsetov\u00fdch tisk\u00e1rn\u00e1ch. Levnou, p\u0159itom v\u0161ak efektn\u00ed vazbu V1 je mo\u017en\u00e9 prov\u00e1d\u011bt ji\u017e od kusov\u00fdch zak\u00e1zek, za vyu\u017eit\u00ed desetistanicov\u00e9ho sn\u00e1\u0161ec\u00edho automatu\u00a0<strong>DUPLO\u00a0DC-10<\/strong>\u00a0s falcem a \u0161it\u00edm. Na krou\u017ekov\u00e9 vazby s \u010dtvercov\u00fdmi \u010di kruhov\u00fdmi v\u00fdseky m\u00e1me stroje\u00a0<strong>RENZ\u00a0Combi\u00a0SRW<\/strong>,\u00a0<strong>FELLOWES PB-400<\/strong>\u00a0a\u00a0<strong>SPC RBX-100<\/strong>\u00a0a na termovazbu\u00a0<strong>LAMIREL Maxibind II<\/strong>.<\/p>\r\n\r\n\r\n\r\n<h3 class=\"wp-block-heading\">Nab\u00edz\u00edme tyto technologie vazeb:<\/h3>\r\n\r\n\r\n\r\n<ul class=\"wp-block-list\">\r\n<li>krou\u017ekov\u00e1 vazba (plastov\u00e1, dr\u00e1t\u011bn\u00e1)<\/li>\r\n<li>vazba Ibi-Click<\/li>\r\n<li>termovazba<\/li>\r\n<li>n\u00e1suvn\u00e9 h\u0159bety<\/li>\r\n<li>vazba V1<\/li>\r\n<\/ul>\r\n\r\n\r\n\r\n<h2 class=\"wp-block-heading\">Cen\u00edk &#8211; VAZBA DOKUMENT\u016e<\/h2>\r\n\r\n\r\n\r\n\n<table id=\"tablepress-11\" class=\"tablepress tablepress-id-11 tbody-has-connected-cells\">\n<thead>\n<tr class=\"row-1\">\n\t<th class=\"column-1\">Vazba\/ Po\u010det ks<\/th><th class=\"column-2\">d\u011brov\u00e1n\u00ed \/ list<\/th><th class=\"column-3\">do 19<\/th><th class=\"column-4\">20 - 49<\/th><th class=\"column-5\">50 - 74<\/th><th class=\"column-6\">75 - 99<\/th><th class=\"column-7\">100 a v\u00edce<\/th>\n<\/tr>\n<\/thead>\n<tbody class=\"row-striping row-hover\">\n<tr class=\"row-2\">\n\t<td class=\"column-1\">krou\u017ekov\u00e1 plastov\u00e1<\/td><td class=\"column-2\">0,50 K\u010d +<\/td><td class=\"column-3\">22,00 K\u010d<\/td><td class=\"column-4\">25,00 K\u010d<\/td><td class=\"column-5\">30,00 K\u010d<\/td><td class=\"column-6\">37,00 K\u010d<\/td><td class=\"column-7\">47,00 K\u010d<\/td>\n<\/tr>\n<tr class=\"row-3\">\n\t<td class=\"column-1\">krou\u017ekov\u00e1 dr\u00e1t\u011bn\u00e1<\/td><td class=\"column-2\">0,50 K\u010d +<\/td><td class=\"column-3\">29,00 K\u010d<\/td><td class=\"column-4\">31,00 K\u010d<\/td><td class=\"column-5\">37,00 K\u010d<\/td><td class=\"column-6\">43,00 K\u010d<\/td><td class=\"column-7\">54,00 K\u010d<\/td>\n<\/tr>\n<tr class=\"row-4\">\n\t<td class=\"column-1\">krou\u017ekov\u00e1 ibiClick<\/td><td class=\"column-2\">0,50 K\u010d +<\/td><td class=\"column-3\">33,00 K\u010d<\/td><td class=\"column-4\">36,00 K\u010d<\/td><td class=\"column-5\">41,00 K\u010d<\/td><td class=\"column-6\">48,00 K\u010d<\/td><td class=\"column-7\">59,00 K\u010d<\/td>\n<\/tr>\n<tr class=\"row-5\">\n\t<td class=\"column-1\">termovazba<\/td><td class=\"column-2\"><\/td><td class=\"column-3\">39,00 K\u010d<\/td><td class=\"column-4\">41,00 K\u010d<\/td><td class=\"column-5\">47,00 K\u010d<\/td><td class=\"column-6\">53,00 K\u010d<\/td><td class=\"column-7\">64,00 K\u010d<\/td>\n<\/tr>\n<tr class=\"row-6\">\n\t<td class=\"column-1\">nasouvac\u00ed li\u0161ty<\/td><td class=\"column-2\"><\/td><td class=\"column-3\">17,00 K\u010d<\/td><td class=\"column-4\">22,00 K\u010d<\/td><td class=\"column-5\">31,00 K\u010d<\/td><td class=\"column-6\">39,00 K\u010d<\/td><td class=\"column-7\"><\/td>\n<\/tr>\n<tr class=\"row-7\">\n\t<td class=\"column-1\">vazba V1 (se\u0161it) - dv\u011b se\u0161it\u00ed<\/td><td class=\"column-2\">list 0,50 K\u010d +<\/td><td class=\"column-3\">10,00 K\u010d<\/td><td colspan=\"4\" class=\"column-4\">p\u0159\u00edpadn\u00fd \u010deln\u00ed o\u0159ez + 0,50 K\u010d \/ list<\/td>\n<\/tr>\n<\/tbody>\n<\/table>\n<!-- #tablepress-11 from cache -->\r\n\r\n\r\n\r\n\n<table id=\"tablepress-29\" class=\"tablepress tablepress-id-29 tbody-has-connected-cells\">\n<thead>\n<tr class=\"row-1\">\n\t<th colspan=\"2\" class=\"column-1\">Dopl\u0148kov\u00e9 ceny a p\u0159\u00edplatky<\/th><th colspan=\"2\" class=\"column-3\">ceny neobsahuj\u00ed DPH, sazba bude p\u0159ipo\u010dtena v z\u00e1konn\u00e9 v\u00fd\u0161i<\/th>\n<\/tr>\n<\/thead>\n<tbody class=\"row-striping row-hover\">\n<tr class=\"row-2\">\n\t<td class=\"column-1\">A4 sl\u00eddov\u00e9 desky \u010dir\u00e9<\/td><td class=\"column-2\">8,00 K\u010d \/ ks<\/td><td class=\"column-3\">zadn\u00ed desky barevn\u00e9 a ra\u017een\u00e9<\/td><td class=\"column-4\">od 9,00 K\u010d \/ ks<\/td>\n<\/tr>\n<tr class=\"row-3\">\n\t<td class=\"column-1\">A4 sl\u00eddov\u00e9 desky barevn\u00e9<\/td><td colspan=\"3\" class=\"column-2\">9,00 K\u010d \/ ks<\/td>\n<\/tr>\n<tr class=\"row-4\">\n\t<td class=\"column-1\">z\u00e1v\u011bsn\u00fd prou\u017eek do po\u0159ada\u010de<\/td><td class=\"column-2\">7,50 K\u010d \/ ks<\/td><td colspan=\"2\" class=\"column-3\">Pozn\u00e1mky:<\/td>\n<\/tr>\n<tr class=\"row-5\">\n\t<td class=\"column-1\">zadn\u00ed desky - karton b\u00edl\u00fd 200g \/ m\u00b2<\/td><td class=\"column-2\">4,50 K\u010d \/ ks<\/td><td colspan=\"2\" class=\"column-3\">u krou\u017ekov\u00fdch vazeb v\u00fdb\u011br h\u0159eben\u016f, sl\u00edd a desek - informace u obsluhy<\/td>\n<\/tr>\n<\/tbody>\n<\/table>\n<!-- #tablepress-29 from cache -->\r\n","protected":false},"excerpt":{"rendered":"<p>Vazby dokument\u016f lze zpracovat n\u011bkolika z\u00e1kladn\u00edmi typy vazeb dopln\u011bn\u00fdmi o profesion\u00e1ln\u00ed vazbu V1 (se\u0161ity) b\u011b\u017en\u011b se vyskytuj\u00edc\u00ed sp\u00ed\u0161e v ofsetov\u00fdch tisk\u00e1rn\u00e1ch. Levnou, p\u0159itom v\u0161ak efektn\u00ed vazbu V1 je mo\u017en\u00e9 prov\u00e1d\u011bt ji\u017e od kusov\u00fdch zak\u00e1zek, za vyu\u017eit\u00ed desetistanicov\u00e9ho sn\u00e1\u0161ec\u00edho automatu\u00a0DUPLO\u00a0DC-10\u00a0s falcem&#8230;<\/p>\n","protected":false},"author":1,"featured_media":0,"parent":0,"menu_order":0,"comment_status":"closed","ping_status":"closed","template":"","meta":{"footnotes":""},"class_list":["post-101","page","type-page","status-publish","hentry"],"_links":{"self":[{"href":"https:\/\/k-copy.cz\/index.php?rest_route=\/wp\/v2\/pages\/101","targetHints":{"allow":["GET"]}}],"collection":[{"href":"https:\/\/k-copy.cz\/index.php?rest_route=\/wp\/v2\/pages"}],"about":[{"href":"https:\/\/k-copy.cz\/index.php?rest_route=\/wp\/v2\/types\/page"}],"author":[{"embeddable":true,"href":"https:\/\/k-copy.cz\/index.php?rest_route=\/wp\/v2\/users\/1"}],"replies":[{"embeddable":true,"href":"https:\/\/k-copy.cz\/index.php?rest_route=%2Fwp%2Fv2%2Fcomments&post=101"}],"version-history":[{"count":5,"href":"https:\/\/k-copy.cz\/index.php?rest_route=\/wp\/v2\/pages\/101\/revisions"}],"predecessor-version":[{"id":723,"href":"https:\/\/k-copy.cz\/index.php?rest_route=\/wp\/v2\/pages\/101\/revisions\/723"}],"wp:attachment":[{"href":"https:\/\/k-copy.cz\/index.php?rest_route=%2Fwp%2Fv2%2Fmedia&parent=101"}],"curies":[{"name":"wp","href":"https:\/\/api.w.org\/{rel}","templated":true}]}}