{"id":103,"date":"2019-07-29T11:27:55","date_gmt":"2019-07-29T09:27:55","guid":{"rendered":"http:\/\/devel.k-copy.cz\/?page_id=103"},"modified":"2021-05-12T08:16:44","modified_gmt":"2021-05-12T06:16:44","slug":"potisk-hrnku","status":"publish","type":"page","link":"https:\/\/k-copy.cz\/?page_id=103","title":{"rendered":"POTISK HRNK\u016e"},"content":{"rendered":"\r\n<p style=\"text-align: justify;\">Potisk reklamn\u00edch p\u0159edm\u011bt\u016f pro firemn\u00ed i rodinn\u00e9 pot\u0159eby. Vhodn\u00e9 jako individualistick\u00e9 d\u00e1rky nebo pro prezenta\u010dn\u00ed a reklamn\u00ed \u00fa\u010dely. V\u0161echny termo potisky prov\u00e1d\u00edme na plo\u0161n\u00e9m termolisu\u00a0<strong>SCHULZE PICOLLO PLUS<\/strong>\u00a0s pracovn\u00ed plochou 28 \u00d7 28 cm, nastavitelnou teplotou a p\u0159\u00edtlakem pro r\u016fzn\u00e9 druhy materi\u00e1lu. Hrne\u010dky se potiskuj\u00ed na speci\u00e1ln\u00edm termolisu\u00a0<strong>BOXER PLUS<\/strong>. P\u0159en\u00e1\u0161et lze jak\u00e9koli plnobarevn\u00e9 motivy vyti\u0161t\u011bn\u00e9 na f\u00f3lie nebo plotrem vy\u0159ezanou f\u00f3liovou grafiku.<\/p>\r\n\r\n\r\n\r\n<h2 class=\"wp-block-heading\">Cen\u00edk &#8211; POTISK HRNK\u016e &#8211; reklamn\u00ed, propaga\u010dn\u00ed a d\u00e1rkov\u00e9 potisky<\/h2>\r\n\r\n\r\n\r\n\n<table id=\"tablepress-12\" class=\"tablepress tablepress-id-12\">\n<thead>\n<tr class=\"row-1\">\n\t<th class=\"column-1\">Druh, popis<\/th><th class=\"column-2\">Cena<\/th>\n<\/tr>\n<\/thead>\n<tbody class=\"row-striping row-hover\">\n<tr class=\"row-2\">\n\t<td class=\"column-1\">hrnek keramick\u00fd b\u00edl\u00fd 0,25l<\/td><td class=\"column-2\">169,00 K\u010d<\/td>\n<\/tr>\n<tr class=\"row-3\">\n\t<td class=\"column-1\">hrnek keramick\u00fd b\u00edl\u00fd 0,33l - MAX<\/td><td class=\"column-2\">199,00 K\u010d<\/td>\n<\/tr>\n<tr class=\"row-4\">\n\t<td class=\"column-1\">hrnek keramick\u00fd b\u00edl\u00fd 0,25l - barevn\u00fd lem nebo vnit\u0159ek<\/td><td class=\"column-2\">189,00 K\u010d<\/td>\n<\/tr>\n<tr class=\"row-5\">\n\t<td class=\"column-1\">hrnek keramick\u00fd b\u00edl\u00fd 0,25l - sv\u00edt\u00edc\u00ed: vyti\u0161t\u011bn\u00fd motiv na hrnku ve tm\u011b sv\u00edt\u00ed<\/td><td class=\"column-2\">219,00 K\u010d<\/td>\n<\/tr>\n<tr class=\"row-6\">\n\t<td class=\"column-1\">hrnek keramick\u00fd tmav\u00fd 0,25l - magic: po zah\u0159\u00e1t\u00ed se hrnek odbarv\u00ed do b\u00edl\u00e9 barvy<\/td><td class=\"column-2\">219,00 K\u010d<\/td>\n<\/tr>\n<tr class=\"row-7\">\n\t<td class=\"column-1\">hrnek sklen\u011bn\u00fd 0,25l<\/td><td class=\"column-2\">209,00 K\u010d<\/td>\n<\/tr>\n<tr class=\"row-8\">\n\t<td class=\"column-1\">hrnek sklen\u011bn\u00fd 0,25l - sv\u00edt\u00edc\u00ed: vyti\u0161t\u011bn\u00fd motiv na hrnku ve tm\u011b sv\u00edt\u00ed<\/td><td class=\"column-2\">239,00 K\u010d<\/td>\n<\/tr>\n<tr class=\"row-9\">\n\t<td class=\"column-1\">hrnek sklen\u011bn\u00fd tmav\u00fd 0,25l - magic: po zah\u0159\u00e1t\u00ed se hrnek odbarv\u00ed do b\u00edl\u00e9 barvy<\/td><td class=\"column-2\">239,00 K\u010d<\/td>\n<\/tr>\n<tr class=\"row-10\">\n\t<td class=\"column-1\">hrnek sklen\u011bn\u00fd 0,4l - \"p\u016fllitr\"<\/td><td class=\"column-2\">259,00 K\u010d<\/td>\n<\/tr>\n<tr class=\"row-11\">\n\t<td class=\"column-1\">hrnek cestovn\u00ed - termo<\/td><td class=\"column-2\">299,00 K\u010d<\/td>\n<\/tr>\n<\/tbody>\n<\/table>\n<!-- #tablepress-12 from cache -->\r\n\r\n\r\n\r\n\n<table id=\"tablepress-30\" class=\"tablepress tablepress-id-30 tbody-has-connected-cells\">\n<thead>\n<tr class=\"row-1\">\n\t<th colspan=\"2\" class=\"column-1\">Dopl\u0148kov\u00e9 ceny a p\u0159\u00edplatky<\/th><th colspan=\"2\" class=\"column-3\">ceny neobsahuj\u00ed DPH, sazba bude p\u0159ipo\u010dtena v z\u00e1konn\u00e9 v\u00fd\u0161i<\/th>\n<\/tr>\n<\/thead>\n<tbody class=\"row-striping row-hover\">\n<tr class=\"row-2\">\n\t<td class=\"column-1\">hrnek - extra potisk a celopotisk<\/td><td colspan=\"3\" class=\"column-2\">50,00 K\u010d<\/td>\n<\/tr>\n<tr class=\"row-3\">\n\t<td class=\"column-1\">n\u00e1vrh, sazba, edita\u010dn\u00ed pr\u00e1ce<\/td><td class=\"column-2\">12,00 K\u010d \/ minuta<\/td><td colspan=\"2\" class=\"column-3\">potisk hrne\u010dk\u016f se prov\u00e1d\u00ed na speci\u00e1ln\u00ed hrne\u010dky termosublimac\u00ed<\/td>\n<\/tr>\n<tr class=\"row-4\">\n\t<td colspan=\"2\" class=\"column-1\"><\/td><td colspan=\"2\" class=\"column-3\">lisov\u00e1n\u00edm motivu do glazury (v\u00fd\u0161ka potisku cca 7 cm)<\/td>\n<\/tr>\n<\/tbody>\n<\/table>\n<!-- #tablepress-30 from cache -->\r\n","protected":false},"excerpt":{"rendered":"<p>Potisk reklamn\u00edch p\u0159edm\u011bt\u016f pro firemn\u00ed i rodinn\u00e9 pot\u0159eby. Vhodn\u00e9 jako individualistick\u00e9 d\u00e1rky nebo pro prezenta\u010dn\u00ed a reklamn\u00ed \u00fa\u010dely. V\u0161echny termo potisky prov\u00e1d\u00edme na plo\u0161n\u00e9m termolisu\u00a0SCHULZE PICOLLO PLUS\u00a0s pracovn\u00ed plochou 28 \u00d7 28 cm, nastavitelnou teplotou a p\u0159\u00edtlakem pro r\u016fzn\u00e9 druhy&#8230;<\/p>\n","protected":false},"author":1,"featured_media":0,"parent":0,"menu_order":0,"comment_status":"closed","ping_status":"closed","template":"","meta":{"footnotes":""},"class_list":["post-103","page","type-page","status-publish","hentry"],"_links":{"self":[{"href":"https:\/\/k-copy.cz\/index.php?rest_route=\/wp\/v2\/pages\/103","targetHints":{"allow":["GET"]}}],"collection":[{"href":"https:\/\/k-copy.cz\/index.php?rest_route=\/wp\/v2\/pages"}],"about":[{"href":"https:\/\/k-copy.cz\/index.php?rest_route=\/wp\/v2\/types\/page"}],"author":[{"embeddable":true,"href":"https:\/\/k-copy.cz\/index.php?rest_route=\/wp\/v2\/users\/1"}],"replies":[{"embeddable":true,"href":"https:\/\/k-copy.cz\/index.php?rest_route=%2Fwp%2Fv2%2Fcomments&post=103"}],"version-history":[{"count":5,"href":"https:\/\/k-copy.cz\/index.php?rest_route=\/wp\/v2\/pages\/103\/revisions"}],"predecessor-version":[{"id":715,"href":"https:\/\/k-copy.cz\/index.php?rest_route=\/wp\/v2\/pages\/103\/revisions\/715"}],"wp:attachment":[{"href":"https:\/\/k-copy.cz\/index.php?rest_route=%2Fwp%2Fv2%2Fmedia&parent=103"}],"curies":[{"name":"wp","href":"https:\/\/api.w.org\/{rel}","templated":true}]}}