{"id":123,"date":"2019-07-29T11:30:30","date_gmt":"2019-07-29T09:30:30","guid":{"rendered":"http:\/\/devel.k-copy.cz\/?page_id=123"},"modified":"2024-10-29T15:40:42","modified_gmt":"2024-10-29T14:40:42","slug":"kontakty","status":"publish","type":"page","link":"https:\/\/k-copy.cz\/?page_id=123","title":{"rendered":"KONTAKTY"},"content":{"rendered":"\r\n<p><strong>copy centrum K-copy<\/strong><br \/>Cejl 91, 602 00 Brno<\/p>\r\n<p><strong>Tel.:\u00a0 \u00a0 \u00a0 \u00a0 \u00a0+420\u00a0545 210 700<br \/>Tel.:\u00a0 \u00a0 \u00a0 \u00a0 \u00a0<\/strong>+420 545 210 809<strong><br \/>E-mail:\u00a0 \u00a0 <a href=\"mailto:info@k-copy.cz\">info@k-copy.cz<\/a><br \/><\/strong><\/p>\r\n\r\n\r\n\r\n<p><strong>Faktura\u010dn\u00ed \u00fadaje:<\/strong><\/p>\r\n\r\n\r\n\r\n\r\n\r\n<p>K-economy s.r.o.<br \/>Cejl 91, 602 00 Brno<\/p>\r\n\r\n\r\n\r\n<p>I\u010c: 26228319<br \/>DI\u010c: CZ26228319<\/p>\r\n\r\n\r\n\r\n<p><em>(Ve\u0161kerou korespondenci zas\u00edlejte v\u00fdhradn\u011b na adresu na\u0161\u00ed provozovny: Cejl 91, 602 00 Brno)<\/em><\/p>\r\n\r\n\r\n\r\n<p>spole\u010dnost je zapsan\u00e1 v OR u KS v Brn\u011b, odd\u00edl C, vlo\u017eka 38504<\/p>\r\n\r\n\r\n\r\n<p><strong>Bankovn\u00ed spojen\u00ed:<\/strong><\/p>\r\n\r\n\r\n\r\n<p>\u010c\u00edslo \u00fa\u010dtu (\u010cSOB): 179422077 \/ 0300<\/p>\r\n<p><img loading=\"lazy\" decoding=\"async\" class=\"alignnone wp-image-788\" src=\"https:\/\/k-copy.cz\/wp-content\/uploads\/2021\/05\/Platebni-metody.png\" alt=\"\" width=\"675\" height=\"228\" srcset=\"https:\/\/k-copy.cz\/wp-content\/uploads\/2021\/05\/Platebni-metody.png 966w, https:\/\/k-copy.cz\/wp-content\/uploads\/2021\/05\/Platebni-metody-400x135.png 400w, https:\/\/k-copy.cz\/wp-content\/uploads\/2021\/05\/Platebni-metody-300x101.png 300w, https:\/\/k-copy.cz\/wp-content\/uploads\/2021\/05\/Platebni-metody-768x259.png 768w\" sizes=\"auto, (max-width: 675px) 100vw, 675px\" \/><\/p>\r\n","protected":false},"excerpt":{"rendered":"<p>copy centrum K-copyCejl 91, 602 00 Brno Tel.:\u00a0 \u00a0 \u00a0 \u00a0 \u00a0+420\u00a0545 210 700Tel.:\u00a0 \u00a0 \u00a0 \u00a0 \u00a0+420 545 210 809E-mail:\u00a0 \u00a0 info@k-copy.cz Faktura\u010dn\u00ed \u00fadaje: K-economy s.r.o.Cejl 91, 602 00 Brno I\u010c: 26228319DI\u010c: CZ26228319 (Ve\u0161kerou korespondenci zas\u00edlejte v\u00fdhradn\u011b na adresu&#8230;<\/p>\n","protected":false},"author":1,"featured_media":0,"parent":0,"menu_order":0,"comment_status":"closed","ping_status":"closed","template":"","meta":{"footnotes":""},"class_list":["post-123","page","type-page","status-publish","hentry"],"_links":{"self":[{"href":"https:\/\/k-copy.cz\/index.php?rest_route=\/wp\/v2\/pages\/123","targetHints":{"allow":["GET"]}}],"collection":[{"href":"https:\/\/k-copy.cz\/index.php?rest_route=\/wp\/v2\/pages"}],"about":[{"href":"https:\/\/k-copy.cz\/index.php?rest_route=\/wp\/v2\/types\/page"}],"author":[{"embeddable":true,"href":"https:\/\/k-copy.cz\/index.php?rest_route=\/wp\/v2\/users\/1"}],"replies":[{"embeddable":true,"href":"https:\/\/k-copy.cz\/index.php?rest_route=%2Fwp%2Fv2%2Fcomments&post=123"}],"version-history":[{"count":16,"href":"https:\/\/k-copy.cz\/index.php?rest_route=\/wp\/v2\/pages\/123\/revisions"}],"predecessor-version":[{"id":2279,"href":"https:\/\/k-copy.cz\/index.php?rest_route=\/wp\/v2\/pages\/123\/revisions\/2279"}],"wp:attachment":[{"href":"https:\/\/k-copy.cz\/index.php?rest_route=%2Fwp%2Fv2%2Fmedia&parent=123"}],"curies":[{"name":"wp","href":"https:\/\/api.w.org\/{rel}","templated":true}]}}