{"id":39,"date":"2019-07-29T10:41:59","date_gmt":"2019-07-29T08:41:59","guid":{"rendered":"http:\/\/devel.k-copy.cz\/?page_id=39"},"modified":"2022-10-06T12:23:16","modified_gmt":"2022-10-06T10:23:16","slug":"uvod","status":"publish","type":"page","link":"https:\/\/k-copy.cz\/","title":{"rendered":"\u00daVOD"},"content":{"rendered":"\r\n<p style=\"text-align: justify;\"><strong>Copy centrum K-copy<\/strong>\u00a0p\u016fsob\u00ed v Brn\u011b ji\u017e od roku 2000. Za tuto dobu jsme poskytli kop\u00edrovac\u00ed a tiskov\u00e9 slu\u017eby tis\u00edc\u016fm z\u00e1kazn\u00edk\u016f: jednotlivc\u016fm i spole\u010dnostem. Jsme r\u00e1di, \u017ee mnoh\u00e9 m\u016f\u017eeme pova\u017eovat za sv\u00e9 st\u00e1l\u00e9 a dlouhodob\u011b\u00a0spokojen\u00e9 klienty. Abychom nejen jim vych\u00e1zeli neust\u00e1le vst\u0159\u00edc, pravideln\u011b inovujeme na\u0161e technick\u00e9 vybaven\u00ed a zav\u00e1d\u00edme nov\u00e9 slu\u017eby.<\/p>\r\n\r\n\r\n\r\n\r\n\r\n<h4 class=\"wp-block-heading\">NA\u0160E SLU\u017dBY:<\/h4>\r\n<ul>\r\n<li><strong><a href=\"https:\/\/k-copy.cz\/?page_id=464\" target=\"_blank\" rel=\"noopener\">KONTAKTN\u00cd FORMUL\u00c1\u0158<\/a><\/strong><\/li>\r\n<\/ul>\r\n\r\n\r\n\r\n<ul class=\"wp-block-list\">\r\n<li>\r\n<h4><a href=\"https:\/\/k-copy.cz\/?page_id=53\">\u010dernob\u00edl\u00e9<\/a>\u00a0i\u00a0<a href=\"https:\/\/k-copy.cz\/?page_id=55\">barevn\u00e9<\/a>\u00a0<a href=\"https:\/\/k-copy.cz\/?page_id=33\">kop\u00edrov\u00e1n\u00ed<\/a><\/h4>\r\n<\/li>\r\n<li>\r\n<h4><a href=\"https:\/\/k-copy.cz\/?page_id=67\">\u010dernob\u00edl\u00fd<\/a>\u00a0i\u00a0<a href=\"https:\/\/k-copy.cz\/?page_id=69\">barevn\u00fd<\/a>\u00a0<a href=\"https:\/\/k-copy.cz\/?page_id=65\">tisk<\/a><\/h4>\r\n<\/li>\r\n<li>\r\n<h4><a href=\"https:\/\/k-copy.cz\/?page_id=89\">v\u00fdroba\u00a0raz\u00edtek<\/a>,\u00a0<a href=\"https:\/\/k-copy.cz\/?page_id=97\">vizitek<\/a>,\u00a0<a href=\"https:\/\/k-copy.cz\/?page_id=109\">\u0159ezan\u00e9 grafiky<\/a>,\u00a0<a href=\"https:\/\/k-copy.cz\/?page_id=107\">kalend\u00e1\u0159\u016f<\/a><\/h4>\r\n<\/li>\r\n<li>\r\n<h4><a href=\"https:\/\/k-copy.cz\/?page_id=111\">dokon\u010dovac\u00ed pr\u00e1ce<\/a><\/h4>\r\n<\/li>\r\n<li>\r\n<h4><a href=\"https:\/\/k-copy.cz\/?page_id=105\">potisk reklamn\u00edch p\u0159edm\u011bt\u016f<\/a><\/h4>\r\n<\/li>\r\n<li>\r\n<h4>prodej spot\u0159ebn\u00edho materi\u00e1lu a kancel\u00e1\u0159sk\u00fdch pot\u0159eb<\/h4>\r\n<\/li>\r\n<li>\r\n<h4><a href=\"https:\/\/drive.google.com\/file\/d\/1NShnL_UrxeIaQzrJe2ti9NBc9Tr5Hln1\/view\">prodej kancel\u00e1\u0159sk\u00e9 techniky<\/a><\/h4>\r\n<\/li>\r\n<\/ul>\r\n\r\n\r\n\r\n<p style=\"text-align: justify;\">Ka\u017ed\u00fd m\u011bs\u00edc p\u0159ipravujeme slevov\u00e9 akce, d\u00edky nim\u017e m\u016f\u017eete slu\u017eby K-copy vyu\u017e\u00edvat je\u0161t\u011b v\u00fdhodn\u011bji. Pravideln\u00ed n\u00e1v\u0161t\u011bvn\u00edci na\u0161\u00ed prodejny ocen\u00ed\u00a0v\u011brnostn\u00ed kartu COPY CARD, kter\u00e1 p\u0159in\u00e1\u0161\u00ed slevu 10 % p\u0159i hotovostn\u00edch n\u00e1kupech. Dr\u017eitele karty tak\u00e9 informujeme o akc\u00edch v\u00a0elektronick\u00e9m newsletteru.<\/p>\r\n\r\n\r\n\r\n<h4 class=\"wp-block-heading\">SPECI\u00c1LN\u00cd SLU\u017dBY PRO FIREMN\u00cd KLIENTELU:<\/h4>\r\n\r\n\r\n\r\n<ul class=\"wp-block-list\">\r\n<li>uzav\u0159en\u00ed r\u00e1mcov\u00e9 smlouvy pro \u010derp\u00e1n\u00ed slu\u017eeb a\u00a0prodej zbo\u017e\u00ed na fakturu s bezhotovostn\u00ed platbou<\/li>\r\n<li>zas\u00edl\u00e1n\u00ed tiskov\u00fdch podklad\u016f p\u0159es\u00a0speci\u00e1ln\u00ed rozhran\u00ed\u00a0na na\u0161ich webov\u00fdch str\u00e1nk\u00e1ch<\/li>\r\n<li>bez z\u00e1lohov\u00e9 objedn\u00e1vky<\/li>\r\n<li>rozvoz hotov\u00fdch z\u00e1silek apod.<\/li>\r\n<\/ul>\r\n\r\n\r\n\r\n\r\n","protected":false},"excerpt":{"rendered":"<p>Copy centrum K-copy\u00a0p\u016fsob\u00ed v Brn\u011b ji\u017e od roku 2000. Za tuto dobu jsme poskytli kop\u00edrovac\u00ed a tiskov\u00e9 slu\u017eby tis\u00edc\u016fm z\u00e1kazn\u00edk\u016f: jednotlivc\u016fm i spole\u010dnostem. Jsme r\u00e1di, \u017ee mnoh\u00e9 m\u016f\u017eeme pova\u017eovat za sv\u00e9 st\u00e1l\u00e9 a dlouhodob\u011b\u00a0spokojen\u00e9 klienty. Abychom nejen jim vych\u00e1zeli neust\u00e1le&#8230;<\/p>\n","protected":false},"author":1,"featured_media":0,"parent":0,"menu_order":0,"comment_status":"closed","ping_status":"closed","template":"","meta":{"footnotes":""},"class_list":["post-39","page","type-page","status-publish","hentry"],"_links":{"self":[{"href":"https:\/\/k-copy.cz\/index.php?rest_route=\/wp\/v2\/pages\/39","targetHints":{"allow":["GET"]}}],"collection":[{"href":"https:\/\/k-copy.cz\/index.php?rest_route=\/wp\/v2\/pages"}],"about":[{"href":"https:\/\/k-copy.cz\/index.php?rest_route=\/wp\/v2\/types\/page"}],"author":[{"embeddable":true,"href":"https:\/\/k-copy.cz\/index.php?rest_route=\/wp\/v2\/users\/1"}],"replies":[{"embeddable":true,"href":"https:\/\/k-copy.cz\/index.php?rest_route=%2Fwp%2Fv2%2Fcomments&post=39"}],"version-history":[{"count":31,"href":"https:\/\/k-copy.cz\/index.php?rest_route=\/wp\/v2\/pages\/39\/revisions"}],"predecessor-version":[{"id":2153,"href":"https:\/\/k-copy.cz\/index.php?rest_route=\/wp\/v2\/pages\/39\/revisions\/2153"}],"wp:attachment":[{"href":"https:\/\/k-copy.cz\/index.php?rest_route=%2Fwp%2Fv2%2Fmedia&parent=39"}],"curies":[{"name":"wp","href":"https:\/\/api.w.org\/{rel}","templated":true}]}}