{"id":77,"date":"2019-07-29T11:16:22","date_gmt":"2019-07-29T09:16:22","guid":{"rendered":"http:\/\/devel.k-copy.cz\/?page_id=77"},"modified":"2021-02-18T15:01:40","modified_gmt":"2021-02-18T14:01:40","slug":"etikety-a-stitky","status":"publish","type":"page","link":"https:\/\/k-copy.cz\/?page_id=77","title":{"rendered":"Etikety a \u0161t\u00edtky"},"content":{"rendered":"\r\n<p style=\"text-align: justify;\">Termotransferov\u00fd tisk \u0161t\u00edtk\u016f a etiket v rol\u00edch, v\u010detn\u011b \u0161t\u00edtk\u016f do aplika\u010dn\u00edch kle\u0161t\u00ed na tisk\u00e1rn\u011b\u00a0<strong>ZEBRA<\/strong>. Potiskujeme v\u0161echny typy materi\u00e1l\u016f vhodn\u00fdch pro termotransferov\u00e9 tisk\u00e1rny do velikosti \u0161t\u00edtku 104 \u00d7 381 mm. Vhodn\u00e9 nap\u0159\u00edklad pro levn\u00e9 zna\u010den\u00ed zbo\u017e\u00ed, povinn\u00e9 p\u0159eklady do \u010de\u0161tiny na v\u00fdrobc\u00edch, \u010d\u00e1rov\u00e9 k\u00f3dy a podobn\u011b.<\/p>\r\n<p>Pro tisk vy\u0161\u0161\u00edch n\u00e1klad\u016f pou\u017e\u00edv\u00e1me tak\u00e9 <strong>pr\u016fmyslovou<\/strong> technologii.<\/p>\r\n\r\n\r\n\r\n<ul class=\"wp-block-list\">\r\n<li>mo\u017enost tisku n\u011bkolika barvami termop\u00e1sek na r\u016fzn\u00e9 druhy materi\u00e1l\u016f \u0161t\u00edtk\u016f<\/li>\r\n<li>denn\u00ed kapacita tisk\u00e1rny p\u0159esahuje 1.350 metr\u016f potisku<\/li>\r\n<li>velikosti \u0161t\u00edtk\u016f od miniaturn\u00edch rozm\u011br\u016f po 104 \u00d7 381 mm<\/li>\r\n<\/ul>\r\n\r\n\r\n\r\n<h2 class=\"wp-block-heading\">Cen\u00edk &#8211; TISK \u0160T\u00cdTK\u016e a ETIKET | termotransferov\u00fd tisk<\/h2>\r\n\r\n\r\n\r\n\n<table id=\"tablepress-6\" class=\"tablepress tablepress-id-6\">\n<thead>\n<tr class=\"row-1\">\n\t<th class=\"column-1\">Velikost \/ Po\u010det kus\u016f<\/th><th class=\"column-2\">z\u00e1kladn\u00ed cena<\/th><th class=\"column-3\">1 - 249<\/th><th class=\"column-4\">250 - 499<\/th><th class=\"column-5\">500 - 999<\/th><th class=\"column-6\">1000 - 1999<\/th><th class=\"column-7\">2000 a v\u00edce<\/th>\n<\/tr>\n<\/thead>\n<tbody class=\"row-striping row-hover\">\n<tr class=\"row-2\">\n\t<td class=\"column-1\">nap\u0159. 25 x 38 mm<\/td><td class=\"column-2\">40,00 K\u010d + <\/td><td class=\"column-3\">0,29 K\u010d<\/td><td class=\"column-4\">0,27 K\u010d<\/td><td class=\"column-5\">0,25 K\u010d<\/td><td class=\"column-6\">0,23 K\u010d<\/td><td class=\"column-7\">0,20 K\u010d<\/td>\n<\/tr>\n<tr class=\"row-3\">\n\t<td class=\"column-1\">nap\u0159. 32 x 45 mm<\/td><td class=\"column-2\">40,00 K\u010d +<\/td><td class=\"column-3\">0,39 K\u010d<\/td><td class=\"column-4\">0,37 K\u010d<\/td><td class=\"column-5\">0,35 K\u010d<\/td><td class=\"column-6\">0,33 K\u010d<\/td><td class=\"column-7\">0,30 K\u010d<\/td>\n<\/tr>\n<\/tbody>\n<\/table>\n<!-- #tablepress-6 from cache -->\r\n\r\n\r\n\r\n\n<table id=\"tablepress-25\" class=\"tablepress tablepress-id-25 tbody-has-connected-cells\">\n<thead>\n<tr class=\"row-1\">\n\t<th colspan=\"2\" class=\"column-1\">Dopl\u0148kov\u00e9 ceny a p\u0159\u00edplatky<\/th><th colspan=\"2\" class=\"column-3\">ceny neobsahuj\u00ed DPH, sazba bude p\u0159ipo\u010dtena v z\u00e1konn\u00e9 v\u00fd\u0161i<\/th>\n<\/tr>\n<\/thead>\n<tbody class=\"row-striping row-hover\">\n<tr class=\"row-2\">\n\t<td class=\"column-1\">n\u00e1vrh, sazba a edita\u010dn\u00ed pr\u00e1ce<\/td><td colspan=\"3\" class=\"column-2\">12,00 K\u010d \/ minuta<\/td>\n<\/tr>\n<tr class=\"row-3\">\n\t<td class=\"column-1\">zlat\u00e1 karta<\/td><td class=\"column-2\">29,00 K\u010d<\/td><td colspan=\"2\" class=\"column-3\">Pozn\u00e1mky:<\/td>\n<\/tr>\n<tr class=\"row-4\">\n\t<td class=\"column-1\">st\u0159\u00edbrn\u00e1 karta<\/td><td class=\"column-2\">26,50 K\u010d<\/td><td colspan=\"2\" class=\"column-3\">*standardn\u00ed karta - b\u00edl\u00e1 0,76 mm<\/td>\n<\/tr>\n<tr class=\"row-5\">\n\t<td class=\"column-1\">\u010dipov\u00e9 karty s magnetick\u00fdmi p\u00e1skami<\/td><td class=\"column-2\">informace u obsluhy<\/td><td colspan=\"2\" class=\"column-3\">jednobarevn\u00e9 tisky se s\u010d\u00edtaj\u00ed<\/td>\n<\/tr>\n<tr class=\"row-6\">\n\t<td class=\"column-1\">jednobarevn\u00fd tisk b\u00edl\u00fd, modr\u00fd, \u010derven\u00fd<\/td><td class=\"column-2\">+15% z \u010dern\u00e9ho tisku<\/td><td colspan=\"2\" class=\"column-3\">u oboustrann\u00e9ho tisku se ceny tisku s\u010d\u00edtaj\u00ed<\/td>\n<\/tr>\n<\/tbody>\n<\/table>\n<!-- #tablepress-25 from cache -->\r\n","protected":false},"excerpt":{"rendered":"<p>Termotransferov\u00fd tisk \u0161t\u00edtk\u016f a etiket v rol\u00edch, v\u010detn\u011b \u0161t\u00edtk\u016f do aplika\u010dn\u00edch kle\u0161t\u00ed na tisk\u00e1rn\u011b\u00a0ZEBRA. Potiskujeme v\u0161echny typy materi\u00e1l\u016f vhodn\u00fdch pro termotransferov\u00e9 tisk\u00e1rny do velikosti \u0161t\u00edtku 104 \u00d7 381 mm. Vhodn\u00e9 nap\u0159\u00edklad pro levn\u00e9 zna\u010den\u00ed zbo\u017e\u00ed, povinn\u00e9 p\u0159eklady do \u010de\u0161tiny na&#8230;<\/p>\n","protected":false},"author":1,"featured_media":0,"parent":0,"menu_order":0,"comment_status":"closed","ping_status":"closed","template":"","meta":{"footnotes":""},"class_list":["post-77","page","type-page","status-publish","hentry"],"_links":{"self":[{"href":"https:\/\/k-copy.cz\/index.php?rest_route=\/wp\/v2\/pages\/77","targetHints":{"allow":["GET"]}}],"collection":[{"href":"https:\/\/k-copy.cz\/index.php?rest_route=\/wp\/v2\/pages"}],"about":[{"href":"https:\/\/k-copy.cz\/index.php?rest_route=\/wp\/v2\/types\/page"}],"author":[{"embeddable":true,"href":"https:\/\/k-copy.cz\/index.php?rest_route=\/wp\/v2\/users\/1"}],"replies":[{"embeddable":true,"href":"https:\/\/k-copy.cz\/index.php?rest_route=%2Fwp%2Fv2%2Fcomments&post=77"}],"version-history":[{"count":6,"href":"https:\/\/k-copy.cz\/index.php?rest_route=\/wp\/v2\/pages\/77\/revisions"}],"predecessor-version":[{"id":583,"href":"https:\/\/k-copy.cz\/index.php?rest_route=\/wp\/v2\/pages\/77\/revisions\/583"}],"wp:attachment":[{"href":"https:\/\/k-copy.cz\/index.php?rest_route=%2Fwp%2Fv2%2Fmedia&parent=77"}],"curies":[{"name":"wp","href":"https:\/\/api.w.org\/{rel}","templated":true}]}}