{"id":99,"date":"2019-07-29T11:27:32","date_gmt":"2019-07-29T09:27:32","guid":{"rendered":"http:\/\/devel.k-copy.cz\/?page_id=99"},"modified":"2021-05-12T08:15:53","modified_gmt":"2021-05-12T06:15:53","slug":"laminovani","status":"publish","type":"page","link":"https:\/\/k-copy.cz\/?page_id=99","title":{"rendered":"LAMINOV\u00c1N\u00cd"},"content":{"rendered":"\r\n<p style=\"text-align: justify;\">Laminov\u00e1n\u00ed pro ochranu dokument\u016f (p\u0159ed po\u0161kozen\u00edm, zne\u010di\u0161t\u011bn\u00edm, UV z\u00e1\u0159en\u00edm apod.) prov\u00e1d\u00edme metodou \u201eza tepla\u201d nebo \u201eza\u00a0studena\u201d. Pou\u017e\u00edvan\u00e9 laminovac\u00ed materi\u00e1ly jsou laminovac\u00ed ob\u00e1lky r\u016fzn\u00fdch rozm\u011br\u016f od velikosti vizitky po A3 o 80, 100, 125, 175 a 200 \u03bcm v \u00faprav\u011b lesk \/ mat &#8211; lamin\u00e1tor\u00a0<strong>LAMIREL Superlam 326S<\/strong>, laminovac\u00ed role dopln\u011bn\u00e9 i f\u00f3li\u00ed 75 g\/m\u00b2 pro laminov\u00e1n\u00ed na rolov\u00e9m lamin\u00e1toru\u00a0<strong>GBC Catena 35<\/strong>\u00a0a m\u011bkk\u00e1 lamina v rol\u00edch pro laminov\u00e1n\u00ed na\u00a0<strong>BROTHER LX &#8211; 300<\/strong>.<\/p>\r\n\r\n\r\n\r\n<h2 class=\"wp-block-heading\">Cen\u00edk &#8211; LAMINOV\u00c1N\u00cd dokument\u016f | za tepla &#8211; za studena<\/h2>\r\n\r\n\r\n\r\n\n<table id=\"tablepress-10\" class=\"tablepress tablepress-id-10\">\n<thead>\n<tr class=\"row-1\">\n\t<th class=\"column-1\">Form\u00e1t \/ Po\u010det ks<\/th><th class=\"column-2\">1 - 4<\/th><th class=\"column-3\">5 - 9<\/th><th class=\"column-4\">10 - 19<\/th><th class=\"column-5\">20 - 49<\/th><th class=\"column-6\">50 - 99<\/th><th class=\"column-7\">100 a v\u00edce<\/th>\n<\/tr>\n<\/thead>\n<tbody class=\"row-striping row-hover\">\n<tr class=\"row-2\">\n\t<td class=\"column-1\">ZA TEPLA - lamino ob\u00e1lky 80\u03bcm do A6<\/td><td class=\"column-2\">19,00 K\u010d<\/td><td class=\"column-3\">18,00 K\u010d<\/td><td class=\"column-4\">17,00 K\u010d<\/td><td class=\"column-5\">16,00 K\u010d<\/td><td class=\"column-6\">15,00 K\u010d<\/td><td class=\"column-7\">14,00 K\u010d<\/td>\n<\/tr>\n<tr class=\"row-3\">\n\t<td class=\"column-1\">ZA TEPLA - lamino ob\u00e1lky 80\u03bcm do A5<\/td><td class=\"column-2\">22,00 K\u010d<\/td><td class=\"column-3\">21,00 K\u010d<\/td><td class=\"column-4\">20,00 K\u010d<\/td><td class=\"column-5\">19,00 K\u010d<\/td><td class=\"column-6\">18,00 K\u010d<\/td><td class=\"column-7\">17,00 K\u010d<\/td>\n<\/tr>\n<tr class=\"row-4\">\n\t<td class=\"column-1\">ZA TEPLA - lamino ob\u00e1lky 80\u03bcm do A4<\/td><td class=\"column-2\">28,00 K\u010d<\/td><td class=\"column-3\">27,00 K\u010d<\/td><td class=\"column-4\">26,00 K\u010d<\/td><td class=\"column-5\">25,00 K\u010d<\/td><td class=\"column-6\">24,00 K\u010d<\/td><td class=\"column-7\">22,00 K\u010d<\/td>\n<\/tr>\n<tr class=\"row-5\">\n\t<td class=\"column-1\">ZA TEPLA - lamino ob\u00e1lky 80\u03bcm do A3<\/td><td class=\"column-2\">55,00 K\u010d<\/td><td class=\"column-3\">53,00 K\u010d<\/td><td class=\"column-4\">51,00 K\u010d<\/td><td class=\"column-5\">49,00 K\u010d<\/td><td class=\"column-6\">47,00 K\u010d<\/td><td class=\"column-7\">44,00 K\u010d<\/td>\n<\/tr>\n<tr class=\"row-6\">\n\t<td class=\"column-1\">ZA TEPLA - role A1 (635 mm)<\/td><td class=\"column-2\">2,50 K\u010d \/ cm<\/td><td class=\"column-3\">2,40 K\u010d \/ cm<\/td><td class=\"column-4\">2,30 K\u010d \/ cm<\/td><td class=\"column-5\">2,20 K\u010d \/ cm<\/td><td class=\"column-6\">2,10 K\u010d \/ cm<\/td><td class=\"column-7\">2,00 K\u010d \/ cm<\/td>\n<\/tr>\n<tr class=\"row-7\">\n\t<td class=\"column-1\">ZA STUDENA - role A4 (317 mm)<\/td><td class=\"column-2\">2,00 K\u010d \/ cm<\/td><td class=\"column-3\">1,90 K\u010d \/ cm<\/td><td class=\"column-4\">1,80 K\u010d \/ cm<\/td><td class=\"column-5\">1,70 K\u010d \/ cm<\/td><td class=\"column-6\">1,60 K\u010d \/ cm<\/td><td class=\"column-7\">1,50 K\u010d \/ cm<\/td>\n<\/tr>\n<\/tbody>\n<\/table>\n<!-- #tablepress-10 from cache -->\r\n\r\n\r\n\r\n\n<table id=\"tablepress-28\" class=\"tablepress tablepress-id-28 tbody-has-connected-cells\">\n<thead>\n<tr class=\"row-1\">\n\t<th colspan=\"2\" class=\"column-1\">Dopl\u0148kov\u00e9 ceny a p\u0159\u00edplatky<\/th><th colspan=\"2\" class=\"column-3\">ceny neobsahuj\u00ed DPH, sazba bude p\u0159ipo\u010dtena v z\u00e1konn\u00e9 v\u00fd\u0161i<\/th>\n<\/tr>\n<\/thead>\n<tbody class=\"row-striping row-hover\">\n<tr class=\"row-2\">\n\t<td class=\"column-1\">laminovac\u00ed ob\u00e1lky 100\u03bcm<\/td><td class=\"column-2\">+ 15% k z\u00e1kladn\u00ed cen\u011b<\/td><td class=\"column-3\">laminovac\u00ed ob\u00e1lky 100\u03bcm samolep\u00edc\u00ed<\/td><td class=\"column-4\">+ 60% k z\u00e1kladn\u00ed cen\u011b<\/td>\n<\/tr>\n<tr class=\"row-3\">\n\t<td class=\"column-1\">laminovac\u00ed ob\u00e1lky 125\u03bcm<\/td><td class=\"column-2\">+ 30% k z\u00e1kladn\u00ed cen\u011b<\/td><td class=\"column-3\">matn\u00e9 laminovac\u00ed ob\u00e1lky<\/td><td class=\"column-4\">+ 60% k z\u00e1kladn\u00ed cen\u011b*<\/td>\n<\/tr>\n<tr class=\"row-4\">\n\t<td class=\"column-1\">laminovac\u00ed ob\u00e1lky 175\u03bcm<\/td><td class=\"column-2\">+ 55% k z\u00e1kladn\u00ed cen\u011b<\/td><td colspan=\"2\" class=\"column-3\">Pozn\u00e1mky:<\/td>\n<\/tr>\n<tr class=\"row-5\">\n\t<td class=\"column-1\">laminovac\u00ed ob\u00e1lky 250\u03bcm<\/td><td class=\"column-2\">+ 100% k z\u00e1kladn\u00ed cen\u011b<\/td><td colspan=\"2\" class=\"column-3\">*p\u0159\u00edplatky za vy\u0161\u0161\u00ed gram\u00e1\u017ee a mat se s\u010d\u00edtaj\u00ed<\/td>\n<\/tr>\n<\/tbody>\n<\/table>\n<!-- #tablepress-28 from cache -->\r\n","protected":false},"excerpt":{"rendered":"<p>Laminov\u00e1n\u00ed pro ochranu dokument\u016f (p\u0159ed po\u0161kozen\u00edm, zne\u010di\u0161t\u011bn\u00edm, UV z\u00e1\u0159en\u00edm apod.) prov\u00e1d\u00edme metodou \u201eza tepla\u201d nebo \u201eza\u00a0studena\u201d. Pou\u017e\u00edvan\u00e9 laminovac\u00ed materi\u00e1ly jsou laminovac\u00ed ob\u00e1lky r\u016fzn\u00fdch rozm\u011br\u016f od velikosti vizitky po A3 o 80, 100, 125, 175 a 200 \u03bcm v \u00faprav\u011b lesk&#8230;<\/p>\n","protected":false},"author":1,"featured_media":0,"parent":0,"menu_order":0,"comment_status":"closed","ping_status":"closed","template":"","meta":{"footnotes":""},"class_list":["post-99","page","type-page","status-publish","hentry"],"_links":{"self":[{"href":"https:\/\/k-copy.cz\/index.php?rest_route=\/wp\/v2\/pages\/99","targetHints":{"allow":["GET"]}}],"collection":[{"href":"https:\/\/k-copy.cz\/index.php?rest_route=\/wp\/v2\/pages"}],"about":[{"href":"https:\/\/k-copy.cz\/index.php?rest_route=\/wp\/v2\/types\/page"}],"author":[{"embeddable":true,"href":"https:\/\/k-copy.cz\/index.php?rest_route=\/wp\/v2\/users\/1"}],"replies":[{"embeddable":true,"href":"https:\/\/k-copy.cz\/index.php?rest_route=%2Fwp%2Fv2%2Fcomments&post=99"}],"version-history":[{"count":5,"href":"https:\/\/k-copy.cz\/index.php?rest_route=\/wp\/v2\/pages\/99\/revisions"}],"predecessor-version":[{"id":714,"href":"https:\/\/k-copy.cz\/index.php?rest_route=\/wp\/v2\/pages\/99\/revisions\/714"}],"wp:attachment":[{"href":"https:\/\/k-copy.cz\/index.php?rest_route=%2Fwp%2Fv2%2Fmedia&parent=99"}],"curies":[{"name":"wp","href":"https:\/\/api.w.org\/{rel}","templated":true}]}}